late the remainder when 45 is divided by (a/(-2))/((-3)/72).
9
Let g = 1104 - 1089. What is the remainder when 104 is divided by g?
14
Suppose 4*w + 602 = 118. What is the remainder when 19 is divided by (1/1)/((-11)/w)?
8
Suppose 2*p - 4*p + 7 = 3*i, p + 4*i = 1. Suppose 0 = -f - 4*s + 56, -p*f - 5*s + 185 + 65 = 0. What is the remainder when f is divided by 17?
14
Suppose 0 = 2*s - 14 - 12. Let r(x) = 20*x**2 + 2*x - 1. What is the remainder when r(1) is divided by s?
8
Let x = 106 - 78. Suppose 33*m = x*m + 505. What is the remainder when m is divided by 15?
11
Suppose -5 = -4*c + 3*c. What is the remainder when 8/(-2) + c + 92 is divided by 32?
29
Let s = 229 - 183. Calculate the remainder when 366 is divided by s.
44
Let j be 4 - (2 - 0/3) - 3. What is the remainder when 16 is divided by -8 + 10 + (-5)/j?
2
Let x be (-5)/(5/6)*2970/(-60). Suppose 9*m - x + 117 = 0. Calculate the remainder when 118 is divided by m.
18
Calculate the remainder when 10 is divided by 3 - (-5 - -6) - -3.
0
Suppose 0*o = 2*o - 40. Let n = o - 16. Calculate the remainder when 5 is divided by n.
1
Suppose 26*b = 20*b + 84. What is the remainder when b is divided by ((-20)/6)/(2/(-6))?
4
Let q(m) = -m**2 + 4*m + 10. Let b be 0/(-3) - -1 - -4. Let t be q(b). Suppose -2*d = -d - t. What is the remainder when 15 is divided by d?
0
Let l = -8 + 13. Let o be (l + -1)/(-4) - -3. Suppose o*k - 87 = 11. Calculate the remainder when k is divided by 17.
15
Let l(p) = p + 16. Let x be l(-14). Suppose x = -2*h - 0*h, -5*n = 4*h - 6. Calculate the remainder when (0 - 6)/(8/(-4)) is divided by n.
1
Let a be 200 + -1*4/2. Suppose 0 = 22*g - 7*g + 1365. Let v = g + a. What is the remainder when v is divided by 22?
19
Let i = -11 + 15. Suppose 0 = -3*m + 3*u + 51, -16 = i*u - 0*u. Suppose 5*r + 17 = 52. Calculate the remainder when m is divided by r.
6
Suppose v - 2*v = 2*d - 29, v = -5*d + 44. Calculate the remainder when 20 is divided by v.
1
What is the remainder when (-2)/(2/22*-2) is divided by (-18)/8*(-8 + (-240)/(-36))?
2
Let w be (-3*(-4)/(-42))/((-12)/42). Let y = 2 + 1. What is the remainder when y is divided by (2/1 - 3)*(0 - w)?
0
Suppose -27*s = -401 - 274. Calculate the remainder when 96 is divided by s.
21
Let n(z) be the third derivative of -z**6/120 - 11*z**5/60 + 19*z**3/3 - 29*z**2. What is the remainder when n(-11) is divided by 18?
2
Let g = 14 - 11. Suppose -g*x + 162 = 3*h, 0 = -2*x - 2*h + 4*h + 88. What is the remainder when x is divided by 17?
15
Let o(g) = 11*g**2 - g + 1. Let r = 0 + 4. Suppose 4*f + r = 8. Calculate the remainder when 19 is divided by o(f).
8
Let b(d) = -d**2 + 13*d + 4. Suppose -5 = 2*l - c - 21, -c - 22 = -3*l. Calculate the remainder when b(l) is divided by 12/((-3)/(-3) + 0).
10
Suppose -6 + 3 = t. Let u be 0/(t/(6/(-4))). Suppose 3*x - 6*x + 69 = u. What is the remainder when x is divided by 8?
7
Let o = 926 - 642. Calculate the remainder when o/(4/1) + -4 is divided by 23.
21
Let s(u) = 83*u**2 + 1741*u - 40. Let c = 4 - 2. Calculate the remainder when s(-21) is divided by c.
0
Suppose 0 = -5*o + 52 - 22. Suppose 4*a - 6*a = -o. Calculate the remainder when 7 is divided by a.
1
Let a be (0/(-2))/(3/(12/8)). Suppose -j + 26 = -v, 2*j + a*v = v + 52. Calculate the remainder when j is divided by 14.
12
Suppose -4*y = -2*b - 54, 172 - 101 = 5*y + b. What is the remainder when 34 is divided by y?
6
Let s = -138 - -364. What is the remainder when s is divided by 3?
1
Let o = 16 + -4. Calculate the remainder when (-220)/3*o/(-10) is divided by 30.
28
Suppose 0 = 5*p + 3*t - 264, 2*t - 154 = -3*p - 2*t. Suppose 0 = -0*x - 4*x + 76. Let s = 38 - x. What is the remainder when p is divided by s?
16
Suppose -2*l + 12 = 4*l. Suppose -x + l*x = 9. What is the remainder when 63*(-1)/x*-3 is divided by 6?
3
Suppose -7*b = -15*b + 136. Suppose -3*k - 7 = 2*f - 30, k = -3*f + b. Let h = 21 - 6. Calculate the remainder when h is divided by f.
3
Suppose 6*s - 420 = s. What is the remainder when s is divided by -1*(236/(-8) - 3/(-6))?
26
Let w = 387 + -316. Calculate the remainder when 202 is divided by w.
60
Suppose -4*z - 12 = -36. Let i(u) = 7*u**2 - 2*u + 1. Let p be i(-2). Suppose -p = r - 4*r. Calculate the remainder when r is divided by z.
5
Calculate the remainder when (-513)/(-9) + -2 - (-4)/(-2) is divided by 27.
26
Suppose 2*r - 5*s - 42 = r, 5*s - 68 = -4*r. Let f(v) = -v + 1. Let g be f(-1). Suppose -x - g*x = -126. Calculate the remainder when x is divided by r.
20
Let q(z) = -2*z**2 + 20*z - 28. What is the remainder when 3*(0 + 22/6) is divided by q(2)?
3
Let j = 2 - -25. What is the remainder when 41 is divided by j?
14
What is the remainder when 431 is divided by (-20)/8*(-6 + 6/15)?
11
Calculate the remainder when 171 is divided by (-6363)/(-147) - ((-12)/7 - -2).
42
Let a(w) = -2*w + 7. Let s be a(-4). Suppose 0*t = -5*t + s. Suppose z = t + 3. Calculate the remainder when z is divided by 4.
2
What is the remainder when ((-2)/2)/(17169/1431 - 12) is divided by 12?
9
Let h be 6/21 + 74/(-14). Let o(m) = m**2 + 10*m + 32. Calculate the remainder when 18 is divided by o(h).
4
Let a(n) = 7*n + 3*n + 5 - n - 28. What is the remainder when 35 is divided by a(3)?
3
Suppose -2 + 6 = -y + 2*o, 2*o = 10. Calculate the remainder when (1 - (-26)/y)/((-2)/(-15)) is divided by 21.
19
Let m(c) = 13*c + 41. Calculate the remainder when m(-2) is divided by 8.
7
Let d(v) = 2*v**2 + 3*v + 1. Let h(c) = 5*c**3 + 3*c - 2. Suppose l = 4*g + 11 - 2, 0 = 3*l - 2*g - 7. What is the remainder when d(-3) is divided by h(l)?
4
Suppose -n = -2*u - 18 - 168, -4*n + 709 = -u. Calculate the remainder when 80 is divided by (n/(-20))/(2/(-5)).
14
Let j(d) = 3*d**3 + 6*d**2 - 6*d + 4. Let c be j(3). Suppose -5*u + 534 + c = 0. Calculate the remainder when u is divided by 33.
32
Let t = -1 - -9. Let m(n) = 3*n + 4*n + n**2 - 1 + t*n**3 - 4*n - 2*n. Calculate the remainder when 17 is divided by m(1).
8
Suppose 6*s = 2*s - 200. Let o = s + 74. Calculate the remainder when o is divided by 9.
6
Let h = -58 + 62. Suppose g - h*g = -87. Calculate the remainder when 143 is divided by g.
27
Let f(s) = 2*s**2 - 86*s + 74. Calculate the remainder when f(44) is divided by 49.
15
Suppose 11*h - 5*c = 14*h - 45, c + 63 = 3*h. Calculate the remainder when 736 is divided by h.
16
Let k = -147 + 341. Let b(q) = -438*q + 915. Calculate the remainder when k is divided by b(2).
38
Let n(o) = o**2 - 23*o - 82. Calculate the remainder when 73 is divided by n(-4).
21
Suppose 5*z = -3 + 8. Calculate the remainder when (z + 1 + 3)*3 is divided by 9.
6
Suppose 4*d + 5*l + 1 = 0, -l + 6*l = 2*d - 37. Let c be (-3)/d + 404/8. Let o = c + -30. Calculate the remainder when 57 is divided by o.
17
Calculate the remainder when 25664/96 + (-2)/6 is divided by 45.
42
What is the remainder when 47830/110 + (-4)/88*-4 is divided by 110?
105
Suppose 3*t = m + 4 + 2, -5*t = 4*m - 10. Suppose m = 4*s + k - 67, -2*k - 2*k = 20. What is the remainder when 87 is divided by s?
15
Suppose 13*r + 508 - 768 = 0. What is the remainder when 36 is divided by r?
16
Suppose -43*q + 48*q - 55 = 0. Suppose 35 = 8*z + q. Calculate the remainder when 22 is divided by z.
1
Suppose -65 + 16 = 7*g. Let c be 2/4*(-24)/(-3). Let i = c - g. Calculate the remainder when 20 is divided by i.
9
Let g(h) = -3*h + 84. What is the remainder when 147 is divided by g(15)?
30
Let l(a) = a**3 + 8*a**2 + a + 10. Let r be l(-8). Suppose r = -7*g + 254. What is the remainder when g is divided by 8?
4
Let b(w) = -2*w - 7. Let o be b(-4). Let u(t) = 46*t**2. What is the remainder when u(o) is divided by 16?
14
Let m = 63 + -12. Suppose -m = -4*v + 29. Calculate the remainder when v is divided by 7.
6
Let g = 170 - 162. Calculate the remainder when 38 is divided by g.
6
Let x = -22 - -41. Let z(w) be the third derivative of w**6/120 - w**5/12 - 5*w**4/24 + 5*w**3/6 - 13*w**2. What is the remainder when x is divided by z(6)?
8
Let x(i) = -2*i - 8. Suppose -2*c - 12 = 4. What is the remainder when 21/(-28) - 1/(16/(-476)) is divided by x(c)?
5
Let s be 15/20 + (-3)/(-12) + 3. What is the remainder when 43 is divided by (-4 - 53/(-2)) + 2/s?
20
Let p(v) = -6*v - 8. Let w(r) be the third derivative of -r**4/6 + r**3 - 2*r**2. Calculate the r